{"id":7157,"date":"2019-10-04T16:02:20","date_gmt":"2019-10-04T14:02:20","guid":{"rendered":"https:\/\/www.euroregion-naen.eu\/leuroregion\/plan-estrategic-2014-2020\/gourvernance\/"},"modified":"2020-02-19T15:24:35","modified_gmt":"2020-02-19T14:24:35","slug":"governanca-doberta","status":"publish","type":"page","link":"https:\/\/www.euroregion-naen.eu\/occ\/leuroregion\/plan-estrategic-2014-2020\/governanca-doberta\/","title":{"rendered":"Governan\u00e7a dob\u00e8rta"},"content":{"rendered":"<h2>L&#8217;Euroregion ag\u00eds sus 2 linhas d\u2019accion<\/h2>\n<h3>Prom\u00f2ure la governan\u00e7a multiniv\u00e8ls e la gestion per proj\u00e8cte<\/h3>\n<p>L\u2019Euroregion es un lu\u00f2c d\u2019acamp pels actors que desiran trabalhar amb lors s\u00f2cis. Agiss\u00e8m coma facilitator de la cooperacion transfronter\u00e8ra. La c\u00f2la tecnica trabalha a emplenar las foncions de conselh e assist\u00e9ncia en mati\u00e8ra de finan\u00e7aments europ\u00e8us, d&#8217;espacis d&#8217;oportunitats, mas tanben de facilitator de proj\u00e8ctes (rec\u00e8rca de s\u00f2cis, informacions\u2026).<\/p>\n<p>A mai, l\u2019Euroregion organiza una seria de grops de trabalh que s\u2019ocupan de bastir un malhum que devenga de lu\u00f2c de rescontre entre los actors pertinents a fin de metre en comun las accions suls proj\u00e8ctes menats, atal coma per espleitar e permetre de conjugar los proj\u00e8ctes latents amb les prioritats de l\u2019Euror\u00e9gion. Actualament, mantunes grops de trabalh son en foncionament : b\u00f2sc-bo\u00e8s, economia sociala e solid\u00e0ria, cultura, joventut, transp\u00f2rts\u2026<\/p>\n<h3>Espandir la visibilitat e lo posicionament de l&#8217;Euroregion<\/h3>\n<p>L\u2019Euroregion es present dins lo cont\u00e8xt europ\u00e8u e dona una visibilitat amplificada de proj\u00e8ctes desvolopats sul territ\u00f2ri. Trabalham en estrecha collaboracion amb las delegacions de las tres regions a Bruss\u00e8las e participam a la plataforma europ\u00e8a de las GECT.<\/p>\n","protected":false},"excerpt":{"rendered":"<p>L&#8217;Euroregion ag\u00eds sus 2 linhas d\u2019accion Prom\u00f2ure la governan\u00e7a multiniv\u00e8ls e la gestion per proj\u00e8cte L\u2019Euroregion es un lu\u00f2c d\u2019acamp pels actors que desiran trabalhar amb lors s\u00f2cis. Agiss\u00e8m coma facilitator de la cooperacion transfronter\u00e8ra. La c\u00f2la tecnica trabalha a emplenar las foncions de conselh e assist\u00e9ncia en mati\u00e8ra de finan\u00e7aments europ\u00e8us, d&#8217;espacis d&#8217;oportunitats, mas [&hellip;]<\/p>\n","protected":false},"author":15,"featured_media":7091,"parent":7104,"menu_order":0,"comment_status":"closed","ping_status":"closed","template":"","meta":{"_acf_changed":false,"footnotes":""},"class_list":["post-7157","page","type-page","status-publish","has-post-thumbnail","hentry"],"acf":[],"_links":{"self":[{"href":"https:\/\/www.euroregion-naen.eu\/occ\/wp-json\/wp\/v2\/pages\/7157","targetHints":{"allow":["GET"]}}],"collection":[{"href":"https:\/\/www.euroregion-naen.eu\/occ\/wp-json\/wp\/v2\/pages"}],"about":[{"href":"https:\/\/www.euroregion-naen.eu\/occ\/wp-json\/wp\/v2\/types\/page"}],"author":[{"embeddable":true,"href":"https:\/\/www.euroregion-naen.eu\/occ\/wp-json\/wp\/v2\/users\/15"}],"replies":[{"embeddable":true,"href":"https:\/\/www.euroregion-naen.eu\/occ\/wp-json\/wp\/v2\/comments?post=7157"}],"version-history":[{"count":0,"href":"https:\/\/www.euroregion-naen.eu\/occ\/wp-json\/wp\/v2\/pages\/7157\/revisions"}],"up":[{"embeddable":true,"href":"https:\/\/www.euroregion-naen.eu\/occ\/wp-json\/wp\/v2\/pages\/7104"}],"wp:featuredmedia":[{"embeddable":true,"href":"https:\/\/www.euroregion-naen.eu\/occ\/wp-json\/wp\/v2\/media\/7091"}],"wp:attachment":[{"href":"https:\/\/www.euroregion-naen.eu\/occ\/wp-json\/wp\/v2\/media?parent=7157"}],"curies":[{"name":"wp","href":"https:\/\/api.w.org\/{rel}","templated":true}]}}

Governança dobèrta

<h2>L&#8217;Euroregion agís sus 2 linhas d’accion</h2>
<h3>Promòure la governança multinivèls e la gestion per projècte</h3>
<p>L’Euroregion es un luòc d’acamp pels actors que desiran trabalhar amb lors sòcis. Agissèm coma facilitator de la cooperacion transfronterèra. La còla tecnica trabalha a emplenar las foncions de conselh e assisténcia en matièra de finançaments europèus, d&#8217;espacis d&#8217;oportunitats, mas tanben de facilitator de projèctes (recèrca de sòcis, informacions…).</p>
<p>A mai, l’Euroregion organiza una seria de grops de trabalh que s’ocupan de bastir un malhum que devenga de luòc de rescontre entre los actors pertinents a fin de metre en comun las accions suls projèctes menats, atal coma per espleitar e permetre de conjugar los projèctes latents amb les prioritats de l’Eurorégion. Actualament, mantunes grops de trabalh son en foncionament : bòsc-boès, economia sociala e solidària, cultura, joventut, transpòrts…</p>
<h3>Espandir la visibilitat e lo posicionament de l&#8217;Euroregion</h3>
<p>L’Euroregion es present dins lo contèxt europèu e dona una visibilitat amplificada de projèctes desvolopats sul territòri. Trabalham en estrecha collaboracion amb las delegacions de las tres regions a Brussèlas e participam a la plataforma europèa de las GECT.</p>

<p>L&#8217;Euroregion agís sus 2 linhas d’accion Promòure la governança multinivèls e la gestion per projècte L’Euroregion es un luòc d’acamp pels actors que desiran trabalhar amb lors sòcis. Agissèm coma facilitator de la cooperacion transfronterèra. La còla tecnica trabalha a emplenar las foncions de conselh e assisténcia en matièra de finançaments europèus, d&#8217;espacis d&#8217;oportunitats, mas [&hellip;]</p>
