{"id":7063,"date":"2019-10-04T16:01:39","date_gmt":"2019-10-04T14:01:39","guid":{"rendered":"https:\/\/www.euroregion-naen.eu\/?page_id=7063"},"modified":"2020-02-19T15:26:24","modified_gmt":"2020-02-19T14:26:24","slug":"eskola-futura","status":"publish","type":"page","link":"https:\/\/www.euroregion-naen.eu\/occ\/projectes\/los-nostres-dispositius\/eskola-futura\/","title":{"rendered":"Eskola Futura"},"content":{"rendered":"<p>Lo nombre de classas biling\u00fcas franc\u00e9s\/basco augmentan per respondre a las atentas de nombroses parents que desiran inscriure lors mainatges. L&#8217;inter\u00e9s crescut per las lengas regionalas exig\u00eds un recrutament creissent d\u2019ensenhant.a.s biling\u00fces. ESKOLA FUTURA es un dispositiu qu\u2019acompanha los candidat.a.s pedagogicament e financ\u00e8rament per accedir a las formacions e als concorses lor permetent d\u2019ensenhar dins aquelas classas.<\/p>\n<p><img loading=\"lazy\" decoding=\"async\" class=\"aligncenter wp-image-1355\" src=\"https:\/\/www.euroregion-naen.eu\/wp-content\/uploads\/2019\/10\/web-site-eskola-futura-1024x576.jpg\" alt=\"\" width=\"800\" height=\"450\" srcset=\"https:\/\/www.euroregion-naen.eu\/wp-content\/uploads\/2019\/10\/web-site-eskola-futura-1024x576.jpg 1024w, https:\/\/www.euroregion-naen.eu\/wp-content\/uploads\/2019\/10\/web-site-eskola-futura-300x169.jpg 300w, https:\/\/www.euroregion-naen.eu\/wp-content\/uploads\/2019\/10\/web-site-eskola-futura-768x432.jpg 768w, https:\/\/www.euroregion-naen.eu\/wp-content\/uploads\/2019\/10\/web-site-eskola-futura.jpg 1920w\" sizes=\"auto, (max-width: 800px) 100vw, 800px\" \/><\/p>\n<p style=\"text-align: center;\">Proj\u00e8cte cofinan\u00e7at pel Fons Europ\u00e8u de Desvolopament Regional (FEDER)<\/p>\n<p><img loading=\"lazy\" decoding=\"async\" class=\"aligncenter size-full wp-image-3258\" src=\"https:\/\/www.euroregion-naen.eu\/wp-content\/uploads\/2019\/11\/logo-poctefa.png\" alt=\"\" width=\"633\" height=\"158\" srcset=\"https:\/\/www.euroregion-naen.eu\/wp-content\/uploads\/2019\/11\/logo-poctefa.png 633w, https:\/\/www.euroregion-naen.eu\/wp-content\/uploads\/2019\/11\/logo-poctefa-300x75.png 300w\" sizes=\"auto, (max-width: 633px) 100vw, 633px\" \/><\/p>\n","protected":false},"excerpt":{"rendered":"<p>Lo nombre de classas biling\u00fcas franc\u00e9s\/basco augmentan per respondre a las atentas de nombroses parents que desiran inscriure lors mainatges. L&#8217;inter\u00e9s crescut per las lengas regionalas exig\u00eds un recrutament creissent d\u2019ensenhant.a.s biling\u00fces. ESKOLA FUTURA es un dispositiu qu\u2019acompanha los candidat.a.s pedagogicament e financ\u00e8rament per accedir a las formacions e als concorses lor permetent d\u2019ensenhar dins [&hellip;]<\/p>\n","protected":false},"author":15,"featured_media":7071,"parent":7057,"menu_order":0,"comment_status":"closed","ping_status":"closed","template":"","meta":{"_acf_changed":false,"footnotes":""},"class_list":["post-7063","page","type-page","status-publish","has-post-thumbnail","hentry"],"acf":[],"_links":{"self":[{"href":"https:\/\/www.euroregion-naen.eu\/occ\/wp-json\/wp\/v2\/pages\/7063","targetHints":{"allow":["GET"]}}],"collection":[{"href":"https:\/\/www.euroregion-naen.eu\/occ\/wp-json\/wp\/v2\/pages"}],"about":[{"href":"https:\/\/www.euroregion-naen.eu\/occ\/wp-json\/wp\/v2\/types\/page"}],"author":[{"embeddable":true,"href":"https:\/\/www.euroregion-naen.eu\/occ\/wp-json\/wp\/v2\/users\/15"}],"replies":[{"embeddable":true,"href":"https:\/\/www.euroregion-naen.eu\/occ\/wp-json\/wp\/v2\/comments?post=7063"}],"version-history":[{"count":0,"href":"https:\/\/www.euroregion-naen.eu\/occ\/wp-json\/wp\/v2\/pages\/7063\/revisions"}],"up":[{"embeddable":true,"href":"https:\/\/www.euroregion-naen.eu\/occ\/wp-json\/wp\/v2\/pages\/7057"}],"wp:featuredmedia":[{"embeddable":true,"href":"https:\/\/www.euroregion-naen.eu\/occ\/wp-json\/wp\/v2\/media\/7071"}],"wp:attachment":[{"href":"https:\/\/www.euroregion-naen.eu\/occ\/wp-json\/wp\/v2\/media?parent=7063"}],"curies":[{"name":"wp","href":"https:\/\/api.w.org\/{rel}","templated":true}]}}

<p>Lo nombre de classas bilingüas francés/basco augmentan per respondre a las atentas de nombroses parents que desiran inscriure lors mainatges. L&#8217;interés crescut per las lengas regionalas exigís un recrutament creissent d’ensenhant.a.s bilingües. ESKOLA FUTURA es un dispositiu qu’acompanha los candidat.a.s pedagogicament e financèrament per accedir a las formacions e als concorses lor permetent d’ensenhar dins aquelas classas.</p>
<p><img loading="lazy" decoding="async" class="aligncenter wp-image-1355" src="https://www.euroregion-naen.eu/wp-content/uploads/2019/10/web-site-eskola-futura-1024x576.jpg" alt="" width="800" height="450" srcset="https://www.euroregion-naen.eu/wp-content/uploads/2019/10/web-site-eskola-futura-1024x576.jpg 1024w, https://www.euroregion-naen.eu/wp-content/uploads/2019/10/web-site-eskola-futura-300x169.jpg 300w, https://www.euroregion-naen.eu/wp-content/uploads/2019/10/web-site-eskola-futura-768x432.jpg 768w, https://www.euroregion-naen.eu/wp-content/uploads/2019/10/web-site-eskola-futura.jpg 1920w" sizes="auto, (max-width: 800px) 100vw, 800px" /></p>
<p style="text-align: center;">Projècte cofinançat pel Fons Europèu de Desvolopament Regional (FEDER)</p>
<p><img loading="lazy" decoding="async" class="aligncenter size-full wp-image-3258" src="https://www.euroregion-naen.eu/wp-content/uploads/2019/11/logo-poctefa.png" alt="" width="633" height="158" srcset="https://www.euroregion-naen.eu/wp-content/uploads/2019/11/logo-poctefa.png 633w, https://www.euroregion-naen.eu/wp-content/uploads/2019/11/logo-poctefa-300x75.png 300w" sizes="auto, (max-width: 633px) 100vw, 633px" /></p>

<p>Lo nombre de classas bilingüas francés/basco augmentan per respondre a las atentas de nombroses parents que desiran inscriure lors mainatges. L&#8217;interés crescut per las lengas regionalas exigís un recrutament creissent d’ensenhant.a.s bilingües. ESKOLA FUTURA es un dispositiu qu’acompanha los candidat.a.s pedagogicament e financèrament per accedir a las formacions e als concorses lor permetent d’ensenhar dins [&hellip;]</p>
