{"id":7043,"date":"2020-02-18T12:19:22","date_gmt":"2020-02-18T11:19:22","guid":{"rendered":"https:\/\/www.euroregion-naen.eu\/?page_id=7043"},"modified":"2020-02-18T12:19:22","modified_gmt":"2020-02-18T11:19:22","slug":"mencions-legalas","status":"publish","type":"page","link":"https:\/\/www.euroregion-naen.eu\/occ\/mencions-legalas\/","title":{"rendered":"Mencions legalas"},"content":{"rendered":"<p><span style=\"text-decoration: underline;\">Direccion de la publicacion<\/span> : Arola Urdangarin Ferreira, Directritz de l\u2019Euroregion Nov\u00e8la-Aquit\u00e0nia Bascoat Navarra<br \/>\nCarri\u00e8ra Leku Eder \u2013 64700 Hendaia, Fran\u00e7a<\/p>\n<p><span style=\"text-decoration: underline;\">Direccion editoriala<\/span> : Arola Urdangarin Ferreira, Directritz de l\u2019Euroregion Nov\u00e8la-Aquit\u00e0nia Bascoat Navarra<\/p>\n<p><span style=\"text-decoration: underline;\">Albergament<\/span> : OVH<\/p>\n<p><span style=\"text-decoration: underline;\">Creacion grafica<\/span> : <a href=\"https:\/\/biensurlecollectif.com\/\" target=\"_blank\" rel=\"noopener noreferrer\">Biens\u00fbr Le Collectif<\/a><\/p>\n<p><span style=\"text-decoration: underline;\">Concepcion, Desvolopament Integracion<\/span> : \u00a0<a href=\"https:\/\/shokola.com\" target=\"_blank\" rel=\"noopener noreferrer\">Agence Shokola<\/a><\/p>\n<p><span style=\"text-decoration: underline;\">Cr\u00e8dits fotografics<\/span> : <a href=\"https:\/\/www.dbshowroom.com\/\" target=\"_blank\" rel=\"noopener noreferrer\">Fred De Bailliencourt<\/a>, Shutterstock<\/p>\n<p><span style=\"text-decoration: underline;\">Reviradas<\/span> : <a href=\"http:\/\/www.cristinamaidagan.com\/inicio.htm\" target=\"_blank\" rel=\"noopener noreferrer\">CMB Servicios Linguisticos<\/a><\/p>\n<h2>Resp\u00e8cte de la vida privada<\/h2>\n<p>Segon la lei \u00ab informatica e libertats \u00bb, profecharetz d\u2019un drech d\u2019acc\u00e8s a las informacions que vos concernisson. Se desiratz exercir aquel drech e obt\u00e9ner comunicacion d\u2019informacions que vos concernisson, vos caldr\u00e0 adre\u00e7ar la v\u00f2stra demanda per corri\u00e8r electronic a l\u2019adre\u00e7a contact@euroregion-naen.eu o per corri\u00e8r postal a \u00abEuroregion NAEN \u2013 Carri\u00e8ra Leku Eder 64 700 Hendaia\u00bb.<\/p>\n<p>Las donadas personalas reculhidas ser\u00e0n jamai transmesas a tresens e far\u00e0n jamai l&#8217;obj\u00e8cte d\u2019una comercializacion. En particular, comercialisam cap fichi\u00e8r d\u2019adre\u00e7as o corri\u00e8rs. La coll\u00e8cta de donadas personalas afichadas sus aquel site per una t\u00e8r\u00e7a persona amb fins de creacion d\u2019un autre tractament nominatiu (per exemple per un usatge comercial o publicitari) es estrictament interdit.<\/p>\n<p>Las informacions presentadas sus aquel site son pas contractualas e son fornidas a t\u00edtol indicatiu. A fin de melhorar la v\u00f2stra experi\u00e9ncia de navigacion, aquel site utiliza espleches de mesura de frequentacion recorrent a cookies.<\/p>\n<h2>Proteccion dels contenguts<\/h2>\n<p>Totes los dreches de reproduccion son reservats, compr\u00e9s pels documents telecargables, las representacions iconograficas e fotograficas. La reproduccion de tot o una partida d\u2019aquel site sus un sup\u00f2rt electronic es formalament interdit, levat autorizacion expressa del director de la publicacion.<\/p>\n<p>www.euroregion-naen.eu<\/p>\n","protected":false},"excerpt":{"rendered":"<p>Direccion de la publicacion : Arola Urdangarin Ferreira, Directritz de l\u2019Euroregion Nov\u00e8la-Aquit\u00e0nia Bascoat Navarra Carri\u00e8ra Leku Eder \u2013 64700 Hendaia, Fran\u00e7a Direccion editoriala : Arola Urdangarin Ferreira, Directritz de l\u2019Euroregion Nov\u00e8la-Aquit\u00e0nia Bascoat Navarra Albergament : OVH Creacion grafica : Biens\u00fbr Le Collectif Concepcion, Desvolopament Integracion : \u00a0Agence Shokola Cr\u00e8dits fotografics : Fred De Bailliencourt, Shutterstock [&hellip;]<\/p>\n","protected":false},"author":15,"featured_media":7051,"parent":0,"menu_order":0,"comment_status":"closed","ping_status":"closed","template":"","meta":{"_acf_changed":false,"footnotes":""},"class_list":["post-7043","page","type-page","status-publish","has-post-thumbnail","hentry"],"acf":[],"_links":{"self":[{"href":"https:\/\/www.euroregion-naen.eu\/occ\/wp-json\/wp\/v2\/pages\/7043","targetHints":{"allow":["GET"]}}],"collection":[{"href":"https:\/\/www.euroregion-naen.eu\/occ\/wp-json\/wp\/v2\/pages"}],"about":[{"href":"https:\/\/www.euroregion-naen.eu\/occ\/wp-json\/wp\/v2\/types\/page"}],"author":[{"embeddable":true,"href":"https:\/\/www.euroregion-naen.eu\/occ\/wp-json\/wp\/v2\/users\/15"}],"replies":[{"embeddable":true,"href":"https:\/\/www.euroregion-naen.eu\/occ\/wp-json\/wp\/v2\/comments?post=7043"}],"version-history":[{"count":0,"href":"https:\/\/www.euroregion-naen.eu\/occ\/wp-json\/wp\/v2\/pages\/7043\/revisions"}],"wp:featuredmedia":[{"embeddable":true,"href":"https:\/\/www.euroregion-naen.eu\/occ\/wp-json\/wp\/v2\/media\/7051"}],"wp:attachment":[{"href":"https:\/\/www.euroregion-naen.eu\/occ\/wp-json\/wp\/v2\/media?parent=7043"}],"curies":[{"name":"wp","href":"https:\/\/api.w.org\/{rel}","templated":true}]}}