{"id":7709,"date":"2020-02-26T14:53:08","date_gmt":"2020-02-26T13:53:08","guid":{"rendered":"https:\/\/www.euroregion-naen.eu\/?page_id=7709"},"modified":"2024-04-15T17:56:13","modified_gmt":"2024-04-15T15:56:13","slug":"forma-naen","status":"publish","type":"page","link":"https:\/\/www.euroregion-naen.eu\/es\/proyectos\/nuestros-dispositivos\/forma-naen\/","title":{"rendered":"Forma NAEN"},"content":{"rendered":"<p>El reto y la aspiraci\u00f3n de la<strong> herramienta Forma NAEN<\/strong> es la adquisici\u00f3n de competencias, reconocidas a ambos lados de la frontera.<\/p>\n<p>Forma NAEN es un proyecto transfronterizo destinado a promover la movilidad y la inserci\u00f3n profesional en sectores deficitarios en mano de obra en la Eurorregi\u00f3n mediante el desarrollo de una oferta cualificada y espec\u00edfica y adaptada a las realidades transfronterizas.<\/p>\n<p>En el marco de este proyecto se van a desarrollar, concretamente, 4 acciones:<\/p>\n<ul>\n<li>Dise\u00f1o de un <strong>m\u00f3dulo de gesti\u00f3n administrativa transfronteriza<\/strong> que forme a profesionales expertos en el manejo de las normativas legales y comerciales de las tres regiones y que promueva y facilite las relaciones laborales y comerciales entre dichas regiones.<\/li>\n<li><strong>Validaci\u00f3n de competencias y certificaci\u00f3n de formaciones:<\/strong> reforzar la integraci\u00f3n profesional en el sector de la automoci\u00f3n, mediante el estudio y an\u00e1lisis de equivalencias; validaci\u00f3n de t\u00edtulos y competencias, y la realizaci\u00f3n de una experiencia formativa piloto y de movilidad certificada.<\/li>\n<li><strong>El aprendizaje del lenguaje t\u00e9cnico:<\/strong> dise\u00f1ar y crear un curso de formaci\u00f3n de vocabulario t\u00e9cnico en los distintos idiomas y para las ramas de la gesti\u00f3n administrativa y la automoci\u00f3n.<\/li>\n<li>Realizar diversas <strong>acciones de sensibilizaci\u00f3n<\/strong> destinadas a estudiantes y docentes de los centros participantes. Con relaci\u00f3n a los estudiantes, se analizar\u00e1n las oportunidades de desarrollo profesional en la Eurorregi\u00f3n. Con los profesores, se tratar\u00e1n los principios transversales: la igualdad de oportunidades y el desarrollo sostenible a trav\u00e9s de jornadas de buenas pr\u00e1cticas.<\/li>\n<\/ul>\n<p>Este proyecto que lleva por nombre Forma NAEN &#8211; \u00abDesarrollo de la formaci\u00f3n transfronteriza para facilitar la inserci\u00f3n profesional en el mercado laboral eurorregional\u00bb &#8211; es un proyecto europeo seleccionado y cofinanciado en un 65% por los fondos europeos <a href=\"https:\/\/www.poctefa.eu\/\" target=\"_blank\" rel=\"noopener noreferrer\">INTERREG POCTEFA<\/a> (<a href=\"https:\/\/ec.europa.eu\/regional_policy\/fr\/\" target=\"_blank\" rel=\"noopener noreferrer\">DG REGIO<\/a>) con un presupuesto, impuestos incluidos, de 746.875,68 euros. El programa POCTEFA tiene por objeto reforzar la integraci\u00f3n econ\u00f3mica y social en el espacio Espa\u00f1a-Francia-Andorra. Su apoyo se centra en el desarrollo de actividades econ\u00f3micas, sociales y ambientales transfronterizas a trav\u00e9s de estrategias conjuntas que promuevan el desarrollo sostenible del territorio.<\/p>\n<p>La realizaci\u00f3n de este proyecto recae en un partenariado integrado por la Eurorregi\u00f3n Nouvelle-Aquitaine, Euskadi, Navarra, la Chambre des M\u00e9tiers et de l\u2019Artisanat des Pyr\u00e9n\u00e9es Atlantiques, el Departamento de educaci\u00f3n del Gobierno de Navarra, ZubiGune Fundazioa, CIFP Usurlbil LHII, Ikaslan Gipuzkoa, TKNIKA y la Chambre R\u00e9gionale de M\u00e9tiers et de l\u2019Artisanat de Nouvelle-Aquitaine. En el proyecto participan, igualmente, el Lyc\u00e9e des m\u00e9tiers Paul Bert, LGT Saint Dominique, Lyc\u00e9e Louis de Foix, Plaiaundi, Don Bosco, CIP Elizondo Lanbide Eskola IIP, CIP Donapea, CI Virgen del Camino, y el IVAC.<\/p>\n<p style=\"text-align: center;\">Proyecto cofinanciado por el Fondo Europeo de Desarollo Regional (FEDER)<\/p>\n<p><img loading=\"lazy\" decoding=\"async\" class=\"aligncenter size-full wp-image-7711\" src=\"https:\/\/www.euroregion-naen.eu\/wp-content\/uploads\/2020\/02\/image2_es_800pxl.jpg\" alt=\"\" width=\"800\" height=\"501\" srcset=\"https:\/\/www.euroregion-naen.eu\/wp-content\/uploads\/2020\/02\/image2_es_800pxl.jpg 800w, https:\/\/www.euroregion-naen.eu\/wp-content\/uploads\/2020\/02\/image2_es_800pxl-300x188.jpg 300w, https:\/\/www.euroregion-naen.eu\/wp-content\/uploads\/2020\/02\/image2_es_800pxl-768x481.jpg 768w\" sizes=\"auto, (max-width: 800px) 100vw, 800px\" \/><\/p>\n","protected":false},"excerpt":{"rendered":"<p>El reto y la aspiraci\u00f3n de la herramienta Forma NAEN es la adquisici\u00f3n de competencias, reconocidas a ambos lados de la frontera. Forma NAEN es un proyecto transfronterizo destinado a promover la movilidad y la inserci\u00f3n profesional en sectores deficitarios en mano de obra en la Eurorregi\u00f3n mediante el desarrollo de una oferta cualificada y [&hellip;]<\/p>\n","protected":false},"author":15,"featured_media":7630,"parent":2665,"menu_order":0,"comment_status":"closed","ping_status":"closed","template":"","meta":{"_acf_changed":false,"footnotes":""},"class_list":["post-7709","page","type-page","status-publish","has-post-thumbnail","hentry"],"acf":[],"_links":{"self":[{"href":"https:\/\/www.euroregion-naen.eu\/es\/wp-json\/wp\/v2\/pages\/7709","targetHints":{"allow":["GET"]}}],"collection":[{"href":"https:\/\/www.euroregion-naen.eu\/es\/wp-json\/wp\/v2\/pages"}],"about":[{"href":"https:\/\/www.euroregion-naen.eu\/es\/wp-json\/wp\/v2\/types\/page"}],"author":[{"embeddable":true,"href":"https:\/\/www.euroregion-naen.eu\/es\/wp-json\/wp\/v2\/users\/15"}],"replies":[{"embeddable":true,"href":"https:\/\/www.euroregion-naen.eu\/es\/wp-json\/wp\/v2\/comments?post=7709"}],"version-history":[{"count":0,"href":"https:\/\/www.euroregion-naen.eu\/es\/wp-json\/wp\/v2\/pages\/7709\/revisions"}],"up":[{"embeddable":true,"href":"https:\/\/www.euroregion-naen.eu\/es\/wp-json\/wp\/v2\/pages\/2665"}],"wp:featuredmedia":[{"embeddable":true,"href":"https:\/\/www.euroregion-naen.eu\/es\/wp-json\/wp\/v2\/media\/7630"}],"wp:attachment":[{"href":"https:\/\/www.euroregion-naen.eu\/es\/wp-json\/wp\/v2\/media?parent=7709"}],"curies":[{"name":"wp","href":"https:\/\/api.w.org\/{rel}","templated":true}]}}

<p>El reto y la aspiración de la<strong> herramienta Forma NAEN</strong> es la adquisición de competencias, reconocidas a ambos lados de la frontera.</p>
<p>Forma NAEN es un proyecto transfronterizo destinado a promover la movilidad y la inserción profesional en sectores deficitarios en mano de obra en la Eurorregión mediante el desarrollo de una oferta cualificada y específica y adaptada a las realidades transfronterizas.</p>
<p>En el marco de este proyecto se van a desarrollar, concretamente, 4 acciones:</p>
<ul>
<li>Diseño de un <strong>módulo de gestión administrativa transfronteriza</strong> que forme a profesionales expertos en el manejo de las normativas legales y comerciales de las tres regiones y que promueva y facilite las relaciones laborales y comerciales entre dichas regiones.</li>
<li><strong>Validación de competencias y certificación de formaciones:</strong> reforzar la integración profesional en el sector de la automoción, mediante el estudio y análisis de equivalencias; validación de títulos y competencias, y la realización de una experiencia formativa piloto y de movilidad certificada.</li>
<li><strong>El aprendizaje del lenguaje técnico:</strong> diseñar y crear un curso de formación de vocabulario técnico en los distintos idiomas y para las ramas de la gestión administrativa y la automoción.</li>
<li>Realizar diversas <strong>acciones de sensibilización</strong> destinadas a estudiantes y docentes de los centros participantes. Con relación a los estudiantes, se analizarán las oportunidades de desarrollo profesional en la Eurorregión. Con los profesores, se tratarán los principios transversales: la igualdad de oportunidades y el desarrollo sostenible a través de jornadas de buenas prácticas.</li>
</ul>
<p>Este proyecto que lleva por nombre Forma NAEN &#8211; «Desarrollo de la formación transfronteriza para facilitar la inserción profesional en el mercado laboral eurorregional» &#8211; es un proyecto europeo seleccionado y cofinanciado en un 65% por los fondos europeos <a href="https://www.poctefa.eu/" target="_blank" rel="noopener noreferrer">INTERREG POCTEFA</a> (<a href="https://ec.europa.eu/regional_policy/fr/" target="_blank" rel="noopener noreferrer">DG REGIO</a>) con un presupuesto, impuestos incluidos, de 746.875,68 euros. El programa POCTEFA tiene por objeto reforzar la integración económica y social en el espacio España-Francia-Andorra. Su apoyo se centra en el desarrollo de actividades económicas, sociales y ambientales transfronterizas a través de estrategias conjuntas que promuevan el desarrollo sostenible del territorio.</p>
<p>La realización de este proyecto recae en un partenariado integrado por la Eurorregión Nouvelle-Aquitaine, Euskadi, Navarra, la Chambre des Métiers et de l’Artisanat des Pyrénées Atlantiques, el Departamento de educación del Gobierno de Navarra, ZubiGune Fundazioa, CIFP Usurlbil LHII, Ikaslan Gipuzkoa, TKNIKA y la Chambre Régionale de Métiers et de l’Artisanat de Nouvelle-Aquitaine. En el proyecto participan, igualmente, el Lycée des métiers Paul Bert, LGT Saint Dominique, Lycée Louis de Foix, Plaiaundi, Don Bosco, CIP Elizondo Lanbide Eskola IIP, CIP Donapea, CI Virgen del Camino, y el IVAC.</p>
<p style="text-align: center;">Proyecto cofinanciado por el Fondo Europeo de Desarollo Regional (FEDER)</p>
<p><img loading="lazy" decoding="async" class="aligncenter size-full wp-image-7711" src="https://www.euroregion-naen.eu/wp-content/uploads/2020/02/image2_es_800pxl.jpg" alt="" width="800" height="501" srcset="https://www.euroregion-naen.eu/wp-content/uploads/2020/02/image2_es_800pxl.jpg 800w, https://www.euroregion-naen.eu/wp-content/uploads/2020/02/image2_es_800pxl-300x188.jpg 300w, https://www.euroregion-naen.eu/wp-content/uploads/2020/02/image2_es_800pxl-768x481.jpg 768w" sizes="auto, (max-width: 800px) 100vw, 800px" /></p>

<p>El reto y la aspiración de la herramienta Forma NAEN es la adquisición de competencias, reconocidas a ambos lados de la frontera. Forma NAEN es un proyecto transfronterizo destinado a promover la movilidad y la inserción profesional en sectores deficitarios en mano de obra en la Eurorregión mediante el desarrollo de una oferta cualificada y [&hellip;]</p>
